
What are the prime factors of 2367?
3, 263
List the prime factors of 57321.
3, 11, 193
What are the prime factors of 25700?
2, 5, 257
List the prime factors of 171.
3, 19
List the prime factors of 959.
7, 137
What are the prime factors of 27024?
2, 3, 563
What are the prime factors of 1382?
2, 691
List the prime factors of 40178.
2, 20089
List the prime factors of 1484.
2, 7, 53
What are the prime factors of 68399?
68399
What are the prime factors of 4699?
37, 127
What are the prime factors of 37630?
2, 5, 53, 71
What are the prime factors of 1307?
1307
What are the prime factors of 288?
2, 3
List the prime factors of 1503.
3, 167
What are the prime factors of 3450?
2, 3, 5, 23
What are the prime factors of 44964?
2, 3, 1249
List the prime factors of 4806.
2, 3, 89
What are the prime factors of 32?
2
List the prime factors of 3145.
5, 17, 37
List the prime factors of 28976.
2, 1811
What are the prime factors of 9506?
2, 7, 97
What are the prime factors of 4473?
3, 7, 71
List the prime factors of 26056.
2, 3257
What are the prime factors of 57082?
2, 28541
What are the prime factors of 158083?
17, 547
List the prime factors of 6817.
17, 401
List the prime factors of 60524.
2, 15131
List the prime factors of 22083.
3, 17, 433
What are the prime factors of 6169?
31, 199
List the prime factors of 13653.
3, 37, 41
What are the prime factors of 28352?
2, 443
What are the prime factors of 3073?
7, 439
List the prime factors of 11530.
2, 5, 1153
List the prime factors of 54982.
2, 37, 743
What are the prime factors of 17266?
2, 89, 97
What are the prime factors of 3138?
2, 3, 523
What are the prime factors of 8740?
2, 5, 19, 23
What are the prime factors of 80976?
2, 3, 7, 241
What are the prime factors of 5056?
2, 79
List the prime factors of 7633.
17, 449
List the prime factors of 12209.
29, 421
List the prime factors of 2221.
2221
What are the prime factors of 1504?
2, 47
What are the prime factors of 1589?
7, 227
What are the prime factors of 93897?
3, 10433
What are the prime factors of 1205?
5, 241
What are the prime factors of 4787?
4787
List the prime factors of 559.
13, 43
What are the prime factors of 5933?
17, 349
What are the prime factors of 47609?
47609
List the prime factors of 38346.
2, 3, 7, 11, 83
What are the prime factors of 6905?
5, 1381
List the prime factors of 47346.
2, 3, 13, 607
List the prime factors of 1105.
5, 13, 17
What are the prime factors of 5059?
5059
List the prime factors of 77951.
77951
What are the prime factors of 2135?
5, 7, 61
List the prime factors of 5111.
19, 269
What are the prime factors of 7297?
7297
List the prime factors of 4323.
3, 11, 131
List the prime factors of 1939.
7, 277
What are the prime factors of 1650?
2, 3, 5, 11
List the prime factors of 2468.
2, 617
What are the prime factors of 864?
2, 3
List the prime factors of 10621.
13, 19, 43
What are the prime factors of 21705?
3, 5, 1447
List the prime factors of 58456.
2, 7307
What are the prime factors of 37798?
2, 18899
What are the prime factors of 139436?
2, 11, 3169
List the prime factors of 3490.
2, 5, 349
What are the prime factors of 5583?
3, 1861
List the prime factors of 19184.
2, 11, 109
What are the prime factors of 2181?
3, 727
What are the prime factors of 15708?
2, 3, 7, 11, 17
What are the prime factors of 1638?
2, 3, 7, 13
What are the prime factors of 10683?
3, 1187
List the prime factors of 645.
3, 5, 43
List the prime factors of 988.
2, 13, 19
What are the prime factors of 1361?
1361
What are the prime factors of 24552?
2, 3, 11, 31
What are the prime factors of 16811?
16811
What are the prime factors of 2970?
2, 3, 5, 11
What are the prime factors of 3034?
2, 37, 41
What are the prime factors of 1056?
2, 3, 11
What are the prime factors of 128?
2
List the prime factors of 415.
5, 83
What are the prime factors of 26257?
7, 11, 31
What are the prime factors of 3358?
2, 23, 73
List the prime factors of 98043.
3, 11, 2971
What are the prime factors of 288?
2, 3
What are the prime factors of 29520?
2, 3, 5, 41
What are the prime factors of 54357?
3, 18119
List the prime factors of 32921.
7, 4703
List the prime factors of 1895.
5, 379
List the prime factors of 29.
29
List the prime factors of 1530.
2, 3, 5, 17
List the prime factors of 8841.
3, 7, 421
What are the prime factors of 102049?
19, 41, 131
What are the prime factors of 1237?
1237
List the prime factors of 117617.
117617
List the prime factors of 150271.
11, 19, 719
What are the prime factors of 932?
2, 233
List the prime factors of 6853.
7, 11, 89
What are the prime factors of 12041?
12041
List the prime factors of 3193.
31, 103
List the prime factors of 10454.
2, 5227
List the prime factors of 26496.
2, 3, 23
What are the prime factors of 9876?
2, 3, 823
What are the prime factors of 45270?
2, 3, 5, 503
List the prime factors of 510.
2, 3, 5, 17
List the prime factors of 40046.
2, 20023
What are the prime factors of 1544?
2, 193
What are the prime factors of 2395?
5, 479
List the prime factors of 19554.
2, 3, 3259
List the prime factors of 1029.
3, 7
What are the prime factors of 241?
241
List the prime factors of 5327.
7, 761
What are the prime factors of 2067?
3, 13, 53
List the prime factors of 3899.
7, 557
What are the prime factors of 10913?
7, 1559
List the prime factors of 51295.
5, 10259
List the prime factors of 83512.
2, 11, 13, 73
What are the prime factors of 234?
2, 3, 13
List the prime factors of 180.
2, 3, 5
What are the prime factors of 9961?
7, 1423
List the prime factors of 52.
2, 13
What are the prime factors of 588?
2, 3, 7
What are the prime factors of 384?
2, 3
List the prime factors of 7730.
2, 5, 773
What are the prime factors of 3896?
2, 487
What are the prime factors of 1141?
7, 163
List the prime factors of 18238.
2, 11, 829
List the prime factors of 633.
3, 211
List the prime factors of 19221.
3, 43, 149
List the prime factors of 3065.
5, 613
List the prime factors of 35810.
2, 5, 3581
List the prime factors of 11749.
31, 379
List the prime factors of 4548.
2, 3, 379
What are the prime factors of 30498?
2, 3, 13, 17, 23
What are the prime factors of 431?
431
List the prime factors of 745.
5, 149
List the prime factors of 10640.
2, 5, 7, 19
List the prime factors of 582.
2, 3, 97
List the prime factors of 71924.
2, 17981
List the prime factors of 4224.
2, 3, 11
List the prime factors of 39348.
2, 3, 1093
What are the prime factors of 34641?
3, 1283
What are the prime factors of 704?
2, 11
List the prime factors of 966.
2, 3, 7, 23
List the prime factors of 62393.
43, 1451
What are the prime factors of 4176?
2, 3, 29
List the prime factors of 8550.
2, 3, 5, 19
What are the prime factors of 62494?
2, 31247
What are the prime factors of 2485?
5, 7, 71
List the prime factors of 12844.
2, 13, 19
List the prime factors of 16148.
2, 11, 367
List the prime factors of 541.
541
List the prime factors of 1723.
1723
What are the prime factors of 32787?
3, 3643
What are the prime factors of 14215?
5, 2843
List the prime factors of 1360.
2, 5, 17
List the prime factors of 135051.
3, 7, 59, 109
List the prime factors of 26562.
2, 3, 19, 233
What are the prime factors of 19657?
11, 1787
List the prime factors of 997.
997
List the prime factors of 3334.
2, 1667
What are the prime factors of 1215?
3, 5
What are the prime factors of 12668?
2, 3167
List the prime factors of 1031.
1031
List the prime factors of 59.
59
What are the prime factors of 143469?
3, 19, 839
List the prime factors of 882.
2, 3, 7
What are the prime factors of 99776?
2, 1559
List the prime factors of 1868.
2, 467
What are the prime factors of 3554?
2, 1777
What are the prime factors of 124603?
53, 2351
What are the prime factors of 18218?
2, 9109
List the prime factors of 9615.
3, 5, 641
What are the prime factors of 23901?
3, 31, 257
What are the prime factors of 48256?
2, 13, 29
What are the prime factors of 12076?
2, 3019
What are the prime factors of 1030?
2, 5, 103
What are the prime factors of 2189?
11, 199
List the prime factors of 2638.
2, 1319
List the prime factors of 5951.
11, 541
List the prime factors of 5237.
5237
List the prime factors of 389.
389
List the prime factors of 114.
2, 3, 19
List the prime factors of 3855.
3, 5, 257
List the prime factors of 4149.
3, 461
Li